{"id":14194,"date":"2020-04-08T00:04:50","date_gmt":"2020-04-08T03:04:50","guid":{"rendered":"https:\/\/iomodontologia.com.br\/?post_type=profile&#038;p=14194"},"modified":"2021-04-19T17:10:51","modified_gmt":"2021-04-19T20:10:51","slug":"suelem-aparecida-ferreira","status":"publish","type":"profile","link":"https:\/\/iomodontologia.com.br\/index.php\/colaborador\/suelem-aparecida-ferreira\/","title":{"rendered":"Suelem Aparecida Ferreira"},"content":{"rendered":"<div id=\"cmsmasters_row_rhzetd4tw\" class=\"cmsmasters_row cmsmasters_color_scheme_default cmsmasters_row_top_default cmsmasters_row_bot_default cmsmasters_row_boxed\">\n<div class=\"cmsmasters_row_outer_parent\">\n<div class=\"cmsmasters_row_outer\">\n<div class=\"cmsmasters_row_inner\">\n<div class=\"cmsmasters_row_margin\">\n<div id=\"cmsmasters_column_u5zc7mxvqq\" class=\"cmsmasters_column one_half\">\n<div class=\"cmsmasters_column_inner\"><div class=\"cmsmasters_img  cmsmasters_image_n\"><img decoding=\"async\" src=\"https:\/\/iomodontologia.com.br\/wp-content\/uploads\/2021\/04\/SUELEM-APARECIDA.jpg\" \/><\/div>\n<\/div><\/div>\n<div id=\"cmsmasters_column_f1z4f1yick\" class=\"cmsmasters_column one_half\">\n<div class=\"cmsmasters_column_inner\"><div class=\"cmsmasters_text\">\n<p>Secret\u00e1ria do IOM de Guararema<br \/>\nForma\u00e7\u00e3o &#8211; T\u00e9cnico em Enfermagem<br \/>\nT\u00e9cnico em Administra\u00e7\u00e3o<br \/>\nEstudante em Enfermagem N\u00edvel Superior<\/p>\n<\/div>\n<div class=\"cmsmasters_text\">\n<p>A fun\u00e7\u00e3o da secret\u00e1ria na cl\u00ednica odontol\u00f3gica \u00e9 diversa e fundamental para um \u00f3timo funcionamento da mesma.<br \/>\nTamb\u00e9m atinge a satisfa\u00e7\u00e3o dos pacientes e principalmente para melhor desempenho do profissional Dentista.<br \/>\nMinha meta de profissionalismo no IOM, s\u00e3o as a\u00e7\u00f5es que envolvem os pacientes como a sua conquista e a fideliza\u00e7\u00e3o para que tenham o prazer do retorno em nossa Cl\u00ednica.<\/p>\n<\/div>\n<\/div><\/div>\n<\/div>\n<\/div>\n<\/div>\n<\/div>\n<\/div>\n\n","protected":false},"excerpt":{"rendered":"<p>Secret\u00e1ria do IOM de Guararema<br \/>\nForma\u00e7\u00e3o &#8211; T\u00e9cnico em Enfermagem<br \/>\nT\u00e9cnico em Administra\u00e7\u00e3o<br \/>\nEstudante em Enfermagem N\u00edvel Superior<\/p>\n","protected":false},"featured_media":14196,"menu_order":0,"comment_status":"open","ping_status":"open","template":"","meta":{"_joinchat":[],"footnotes":""},"pl-categs":[],"class_list":["post-14194","profile","type-profile","status-publish","has-post-thumbnail","hentry"],"yoast_head":"<!-- This site is optimized with the Yoast SEO plugin v26.8 - https:\/\/yoast.com\/product\/yoast-seo-wordpress\/ -->\n<title>Suelem Aparecida Ferreira - IOM - INSTITUTO ODONTOL\u00d3GICO<\/title>\n<meta name=\"robots\" content=\"index, follow, max-snippet:-1, max-image-preview:large, max-video-preview:-1\" \/>\n<link rel=\"canonical\" href=\"https:\/\/iomodontologia.com.br\/index.php\/colaborador\/suelem-aparecida-ferreira\/\" \/>\n<meta property=\"og:locale\" content=\"pt_BR\" \/>\n<meta property=\"og:type\" content=\"article\" \/>\n<meta property=\"og:title\" content=\"Suelem Aparecida Ferreira - IOM - INSTITUTO ODONTOL\u00d3GICO\" \/>\n<meta property=\"og:description\" content=\"Secret\u00e1ria do IOM de Guararema Forma\u00e7\u00e3o - T\u00e9cnico em Enfermagem T\u00e9cnico em Administra\u00e7\u00e3o Estudante em Enfermagem N\u00edvel Superior\" \/>\n<meta property=\"og:url\" content=\"https:\/\/iomodontologia.com.br\/index.php\/colaborador\/suelem-aparecida-ferreira\/\" \/>\n<meta property=\"og:site_name\" content=\"IOM - INSTITUTO ODONTOL\u00d3GICO\" \/>\n<meta property=\"article:publisher\" content=\"https:\/\/www.facebook.com\/iomodontologia\" \/>\n<meta property=\"article:modified_time\" content=\"2021-04-19T20:10:51+00:00\" \/>\n<meta property=\"og:image\" content=\"https:\/\/iomodontologia.com.br\/wp-content\/uploads\/2021\/04\/SUELEM-APARECIDA.jpg\" \/>\n\t<meta property=\"og:image:width\" content=\"338\" \/>\n\t<meta property=\"og:image:height\" content=\"456\" \/>\n\t<meta property=\"og:image:type\" content=\"image\/jpeg\" \/>\n<meta name=\"twitter:card\" content=\"summary_large_image\" \/>\n<meta name=\"twitter:label1\" content=\"Est. tempo de leitura\" \/>\n\t<meta name=\"twitter:data1\" content=\"1 minuto\" \/>\n<script type=\"application\/ld+json\" class=\"yoast-schema-graph\">{\"@context\":\"https:\/\/schema.org\",\"@graph\":[{\"@type\":\"WebPage\",\"@id\":\"https:\/\/iomodontologia.com.br\/index.php\/colaborador\/suelem-aparecida-ferreira\/\",\"url\":\"https:\/\/iomodontologia.com.br\/index.php\/colaborador\/suelem-aparecida-ferreira\/\",\"name\":\"Suelem Aparecida Ferreira - IOM - INSTITUTO ODONTOL\u00d3GICO\",\"isPartOf\":{\"@id\":\"https:\/\/iomodontologia.com.br\/#website\"},\"primaryImageOfPage\":{\"@id\":\"https:\/\/iomodontologia.com.br\/index.php\/colaborador\/suelem-aparecida-ferreira\/#primaryimage\"},\"image\":{\"@id\":\"https:\/\/iomodontologia.com.br\/index.php\/colaborador\/suelem-aparecida-ferreira\/#primaryimage\"},\"thumbnailUrl\":\"https:\/\/iomodontologia.com.br\/wp-content\/uploads\/2021\/04\/SUELEM-APARECIDA.jpg\",\"datePublished\":\"2020-04-08T03:04:50+00:00\",\"dateModified\":\"2021-04-19T20:10:51+00:00\",\"breadcrumb\":{\"@id\":\"https:\/\/iomodontologia.com.br\/index.php\/colaborador\/suelem-aparecida-ferreira\/#breadcrumb\"},\"inLanguage\":\"pt-BR\",\"potentialAction\":[{\"@type\":\"ReadAction\",\"target\":[\"https:\/\/iomodontologia.com.br\/index.php\/colaborador\/suelem-aparecida-ferreira\/\"]}]},{\"@type\":\"ImageObject\",\"inLanguage\":\"pt-BR\",\"@id\":\"https:\/\/iomodontologia.com.br\/index.php\/colaborador\/suelem-aparecida-ferreira\/#primaryimage\",\"url\":\"https:\/\/iomodontologia.com.br\/wp-content\/uploads\/2021\/04\/SUELEM-APARECIDA.jpg\",\"contentUrl\":\"https:\/\/iomodontologia.com.br\/wp-content\/uploads\/2021\/04\/SUELEM-APARECIDA.jpg\",\"width\":338,\"height\":456},{\"@type\":\"BreadcrumbList\",\"@id\":\"https:\/\/iomodontologia.com.br\/index.php\/colaborador\/suelem-aparecida-ferreira\/#breadcrumb\",\"itemListElement\":[{\"@type\":\"ListItem\",\"position\":1,\"name\":\"Home\",\"item\":\"https:\/\/iomodontologia.com.br\/\"},{\"@type\":\"ListItem\",\"position\":2,\"name\":\"Profiles\",\"item\":\"https:\/\/iomodontologia.com.br\/index.php\/colaborador\/\"},{\"@type\":\"ListItem\",\"position\":3,\"name\":\"Suelem Aparecida Ferreira\"}]},{\"@type\":\"WebSite\",\"@id\":\"https:\/\/iomodontologia.com.br\/#website\",\"url\":\"https:\/\/iomodontologia.com.br\/\",\"name\":\"IOM - INSTITUTO ODONTOL\u00d3GICO\",\"description\":\"CL\u00cdNICA ODONTOL\u00d3GICA\",\"publisher\":{\"@id\":\"https:\/\/iomodontologia.com.br\/#organization\"},\"potentialAction\":[{\"@type\":\"SearchAction\",\"target\":{\"@type\":\"EntryPoint\",\"urlTemplate\":\"https:\/\/iomodontologia.com.br\/?s={search_term_string}\"},\"query-input\":{\"@type\":\"PropertyValueSpecification\",\"valueRequired\":true,\"valueName\":\"search_term_string\"}}],\"inLanguage\":\"pt-BR\"},{\"@type\":\"Organization\",\"@id\":\"https:\/\/iomodontologia.com.br\/#organization\",\"name\":\"IOM - Instituto Odontol\u00f3gico Mogiano\",\"url\":\"https:\/\/iomodontologia.com.br\/\",\"logo\":{\"@type\":\"ImageObject\",\"inLanguage\":\"pt-BR\",\"@id\":\"https:\/\/iomodontologia.com.br\/#\/schema\/logo\/image\/\",\"url\":\"https:\/\/iomodontologia.com.br\/wp-content\/uploads\/2019\/11\/IOM-Logo-slogan.png\",\"contentUrl\":\"https:\/\/iomodontologia.com.br\/wp-content\/uploads\/2019\/11\/IOM-Logo-slogan.png\",\"width\":2000,\"height\":858,\"caption\":\"IOM - Instituto Odontol\u00f3gico Mogiano\"},\"image\":{\"@id\":\"https:\/\/iomodontologia.com.br\/#\/schema\/logo\/image\/\"},\"sameAs\":[\"https:\/\/www.facebook.com\/iomodontologia\",\"https:\/\/www.instagram.com\/iom.odonto\"]}]}<\/script>\n<!-- \/ Yoast SEO plugin. -->","yoast_head_json":{"title":"Suelem Aparecida Ferreira - IOM - INSTITUTO ODONTOL\u00d3GICO","robots":{"index":"index","follow":"follow","max-snippet":"max-snippet:-1","max-image-preview":"max-image-preview:large","max-video-preview":"max-video-preview:-1"},"canonical":"https:\/\/iomodontologia.com.br\/index.php\/colaborador\/suelem-aparecida-ferreira\/","og_locale":"pt_BR","og_type":"article","og_title":"Suelem Aparecida Ferreira - IOM - INSTITUTO ODONTOL\u00d3GICO","og_description":"Secret\u00e1ria do IOM de Guararema Forma\u00e7\u00e3o - T\u00e9cnico em Enfermagem T\u00e9cnico em Administra\u00e7\u00e3o Estudante em Enfermagem N\u00edvel Superior","og_url":"https:\/\/iomodontologia.com.br\/index.php\/colaborador\/suelem-aparecida-ferreira\/","og_site_name":"IOM - INSTITUTO ODONTOL\u00d3GICO","article_publisher":"https:\/\/www.facebook.com\/iomodontologia","article_modified_time":"2021-04-19T20:10:51+00:00","og_image":[{"width":338,"height":456,"url":"https:\/\/iomodontologia.com.br\/wp-content\/uploads\/2021\/04\/SUELEM-APARECIDA.jpg","type":"image\/jpeg"}],"twitter_card":"summary_large_image","twitter_misc":{"Est. tempo de leitura":"1 minuto"},"schema":{"@context":"https:\/\/schema.org","@graph":[{"@type":"WebPage","@id":"https:\/\/iomodontologia.com.br\/index.php\/colaborador\/suelem-aparecida-ferreira\/","url":"https:\/\/iomodontologia.com.br\/index.php\/colaborador\/suelem-aparecida-ferreira\/","name":"Suelem Aparecida Ferreira - IOM - INSTITUTO ODONTOL\u00d3GICO","isPartOf":{"@id":"https:\/\/iomodontologia.com.br\/#website"},"primaryImageOfPage":{"@id":"https:\/\/iomodontologia.com.br\/index.php\/colaborador\/suelem-aparecida-ferreira\/#primaryimage"},"image":{"@id":"https:\/\/iomodontologia.com.br\/index.php\/colaborador\/suelem-aparecida-ferreira\/#primaryimage"},"thumbnailUrl":"https:\/\/iomodontologia.com.br\/wp-content\/uploads\/2021\/04\/SUELEM-APARECIDA.jpg","datePublished":"2020-04-08T03:04:50+00:00","dateModified":"2021-04-19T20:10:51+00:00","breadcrumb":{"@id":"https:\/\/iomodontologia.com.br\/index.php\/colaborador\/suelem-aparecida-ferreira\/#breadcrumb"},"inLanguage":"pt-BR","potentialAction":[{"@type":"ReadAction","target":["https:\/\/iomodontologia.com.br\/index.php\/colaborador\/suelem-aparecida-ferreira\/"]}]},{"@type":"ImageObject","inLanguage":"pt-BR","@id":"https:\/\/iomodontologia.com.br\/index.php\/colaborador\/suelem-aparecida-ferreira\/#primaryimage","url":"https:\/\/iomodontologia.com.br\/wp-content\/uploads\/2021\/04\/SUELEM-APARECIDA.jpg","contentUrl":"https:\/\/iomodontologia.com.br\/wp-content\/uploads\/2021\/04\/SUELEM-APARECIDA.jpg","width":338,"height":456},{"@type":"BreadcrumbList","@id":"https:\/\/iomodontologia.com.br\/index.php\/colaborador\/suelem-aparecida-ferreira\/#breadcrumb","itemListElement":[{"@type":"ListItem","position":1,"name":"Home","item":"https:\/\/iomodontologia.com.br\/"},{"@type":"ListItem","position":2,"name":"Profiles","item":"https:\/\/iomodontologia.com.br\/index.php\/colaborador\/"},{"@type":"ListItem","position":3,"name":"Suelem Aparecida Ferreira"}]},{"@type":"WebSite","@id":"https:\/\/iomodontologia.com.br\/#website","url":"https:\/\/iomodontologia.com.br\/","name":"IOM - INSTITUTO ODONTOL\u00d3GICO","description":"CL\u00cdNICA ODONTOL\u00d3GICA","publisher":{"@id":"https:\/\/iomodontologia.com.br\/#organization"},"potentialAction":[{"@type":"SearchAction","target":{"@type":"EntryPoint","urlTemplate":"https:\/\/iomodontologia.com.br\/?s={search_term_string}"},"query-input":{"@type":"PropertyValueSpecification","valueRequired":true,"valueName":"search_term_string"}}],"inLanguage":"pt-BR"},{"@type":"Organization","@id":"https:\/\/iomodontologia.com.br\/#organization","name":"IOM - Instituto Odontol\u00f3gico Mogiano","url":"https:\/\/iomodontologia.com.br\/","logo":{"@type":"ImageObject","inLanguage":"pt-BR","@id":"https:\/\/iomodontologia.com.br\/#\/schema\/logo\/image\/","url":"https:\/\/iomodontologia.com.br\/wp-content\/uploads\/2019\/11\/IOM-Logo-slogan.png","contentUrl":"https:\/\/iomodontologia.com.br\/wp-content\/uploads\/2019\/11\/IOM-Logo-slogan.png","width":2000,"height":858,"caption":"IOM - Instituto Odontol\u00f3gico Mogiano"},"image":{"@id":"https:\/\/iomodontologia.com.br\/#\/schema\/logo\/image\/"},"sameAs":["https:\/\/www.facebook.com\/iomodontologia","https:\/\/www.instagram.com\/iom.odonto"]}]}},"_links":{"self":[{"href":"https:\/\/iomodontologia.com.br\/index.php\/wp-json\/wp\/v2\/profile\/14194","targetHints":{"allow":["GET"]}}],"collection":[{"href":"https:\/\/iomodontologia.com.br\/index.php\/wp-json\/wp\/v2\/profile"}],"about":[{"href":"https:\/\/iomodontologia.com.br\/index.php\/wp-json\/wp\/v2\/types\/profile"}],"replies":[{"embeddable":true,"href":"https:\/\/iomodontologia.com.br\/index.php\/wp-json\/wp\/v2\/comments?post=14194"}],"version-history":[{"count":2,"href":"https:\/\/iomodontologia.com.br\/index.php\/wp-json\/wp\/v2\/profile\/14194\/revisions"}],"predecessor-version":[{"id":14197,"href":"https:\/\/iomodontologia.com.br\/index.php\/wp-json\/wp\/v2\/profile\/14194\/revisions\/14197"}],"wp:featuredmedia":[{"embeddable":true,"href":"https:\/\/iomodontologia.com.br\/index.php\/wp-json\/wp\/v2\/media\/14196"}],"wp:attachment":[{"href":"https:\/\/iomodontologia.com.br\/index.php\/wp-json\/wp\/v2\/media?parent=14194"}],"wp:term":[{"taxonomy":"pl-categs","embeddable":true,"href":"https:\/\/iomodontologia.com.br\/index.php\/wp-json\/wp\/v2\/pl-categs?post=14194"}],"curies":[{"name":"wp","href":"https:\/\/api.w.org\/{rel}","templated":true}]}}

<div id="cmsmasters_row_rhzetd4tw" class="cmsmasters_row cmsmasters_color_scheme_default cmsmasters_row_top_default cmsmasters_row_bot_default cmsmasters_row_boxed">
<div class="cmsmasters_row_outer_parent">
<div class="cmsmasters_row_outer">
<div class="cmsmasters_row_inner">
<div class="cmsmasters_row_margin">
<div id="cmsmasters_column_u5zc7mxvqq" class="cmsmasters_column one_half">
<div class="cmsmasters_column_inner"><div class="cmsmasters_img  cmsmasters_image_n"><img decoding="async" src="https://iomodontologia.com.br/wp-content/uploads/2021/04/SUELEM-APARECIDA.jpg" /></div>
</div></div>
<div id="cmsmasters_column_f1z4f1yick" class="cmsmasters_column one_half">
<div class="cmsmasters_column_inner"><div class="cmsmasters_text">
<p>Secretária do IOM de Guararema<br />
Formação &#8211; Técnico em Enfermagem<br />
Técnico em Administração<br />
Estudante em Enfermagem Nível Superior</p>
</div>
<div class="cmsmasters_text">
<p>A função da secretária na clínica odontológica é diversa e fundamental para um ótimo funcionamento da mesma.<br />
Também atinge a satisfação dos pacientes e principalmente para melhor desempenho do profissional Dentista.<br />
Minha meta de profissionalismo no IOM, são as ações que envolvem os pacientes como a sua conquista e a fidelização para que tenham o prazer do retorno em nossa Clínica.</p>
</div>
</div></div>
</div>
</div>
</div>
</div>
</div>

<p>Secretária do IOM de Guararema<br />
Formação &#8211; Técnico em Enfermagem<br />
Técnico em Administração<br />
Estudante em Enfermagem Nível Superior</p>

<!-- This site is optimized with the Yoast SEO plugin v26.8 - https://yoast.com/product/yoast-seo-wordpress/ -->
<title>Suelem Aparecida Ferreira - IOM - INSTITUTO ODONTOLÓGICO</title>
<meta name="robots" content="index, follow, max-snippet:-1, max-image-preview:large, max-video-preview:-1" />
<link rel="canonical" href="https://iomodontologia.com.br/index.php/colaborador/suelem-aparecida-ferreira/" />
<meta property="og:locale" content="pt_BR" />
<meta property="og:type" content="article" />
<meta property="og:title" content="Suelem Aparecida Ferreira - IOM - INSTITUTO ODONTOLÓGICO" />
<meta property="og:description" content="Secretária do IOM de Guararema Formação - Técnico em Enfermagem Técnico em Administração Estudante em Enfermagem Nível Superior" />
<meta property="og:url" content="https://iomodontologia.com.br/index.php/colaborador/suelem-aparecida-ferreira/" />
<meta property="og:site_name" content="IOM - INSTITUTO ODONTOLÓGICO" />
<meta property="article:publisher" content="https://www.facebook.com/iomodontologia" />
<meta property="article:modified_time" content="2021-04-19T20:10:51+00:00" />
<meta property="og:image" content="https://iomodontologia.com.br/wp-content/uploads/2021/04/SUELEM-APARECIDA.jpg" />
	<meta property="og:image:width" content="338" />
	<meta property="og:image:height" content="456" />
	<meta property="og:image:type" content="image/jpeg" />
<meta name="twitter:card" content="summary_large_image" />
<meta name="twitter:label1" content="Est. tempo de leitura" />
	<meta name="twitter:data1" content="1 minuto" />
<script type="application/ld+json" class="yoast-schema-graph">{"@context":"https://schema.org","@graph":[{"@type":"WebPage","@id":"https://iomodontologia.com.br/index.php/colaborador/suelem-aparecida-ferreira/","url":"https://iomodontologia.com.br/index.php/colaborador/suelem-aparecida-ferreira/","name":"Suelem Aparecida Ferreira - IOM - INSTITUTO ODONTOLÓGICO","isPartOf":{"@id":"https://iomodontologia.com.br/#website"},"primaryImageOfPage":{"@id":"https://iomodontologia.com.br/index.php/colaborador/suelem-aparecida-ferreira/#primaryimage"},"image":{"@id":"https://iomodontologia.com.br/index.php/colaborador/suelem-aparecida-ferreira/#primaryimage"},"thumbnailUrl":"https://iomodontologia.com.br/wp-content/uploads/2021/04/SUELEM-APARECIDA.jpg","datePublished":"2020-04-08T03:04:50+00:00","dateModified":"2021-04-19T20:10:51+00:00","breadcrumb":{"@id":"https://iomodontologia.com.br/index.php/colaborador/suelem-aparecida-ferreira/#breadcrumb"},"inLanguage":"pt-BR","potentialAction":[{"@type":"ReadAction","target":["https://iomodontologia.com.br/index.php/colaborador/suelem-aparecida-ferreira/"]}]},{"@type":"ImageObject","inLanguage":"pt-BR","@id":"https://iomodontologia.com.br/index.php/colaborador/suelem-aparecida-ferreira/#primaryimage","url":"https://iomodontologia.com.br/wp-content/uploads/2021/04/SUELEM-APARECIDA.jpg","contentUrl":"https://iomodontologia.com.br/wp-content/uploads/2021/04/SUELEM-APARECIDA.jpg","width":338,"height":456},{"@type":"BreadcrumbList","@id":"https://iomodontologia.com.br/index.php/colaborador/suelem-aparecida-ferreira/#breadcrumb","itemListElement":[{"@type":"ListItem","position":1,"name":"Home","item":"https://iomodontologia.com.br/"},{"@type":"ListItem","position":2,"name":"Profiles","item":"https://iomodontologia.com.br/index.php/colaborador/"},{"@type":"ListItem","position":3,"name":"Suelem Aparecida Ferreira"}]},{"@type":"WebSite","@id":"https://iomodontologia.com.br/#website","url":"https://iomodontologia.com.br/","name":"IOM - INSTITUTO ODONTOLÓGICO","description":"CLÍNICA ODONTOLÓGICA","publisher":{"@id":"https://iomodontologia.com.br/#organization"},"potentialAction":[{"@type":"SearchAction","target":{"@type":"EntryPoint","urlTemplate":"https://iomodontologia.com.br/?s={search_term_string}"},"query-input":{"@type":"PropertyValueSpecification","valueRequired":true,"valueName":"search_term_string"}}],"inLanguage":"pt-BR"},{"@type":"Organization","@id":"https://iomodontologia.com.br/#organization","name":"IOM - Instituto Odontológico Mogiano","url":"https://iomodontologia.com.br/","logo":{"@type":"ImageObject","inLanguage":"pt-BR","@id":"https://iomodontologia.com.br/#/schema/logo/image/","url":"https://iomodontologia.com.br/wp-content/uploads/2019/11/IOM-Logo-slogan.png","contentUrl":"https://iomodontologia.com.br/wp-content/uploads/2019/11/IOM-Logo-slogan.png","width":2000,"height":858,"caption":"IOM - Instituto Odontológico Mogiano"},"image":{"@id":"https://iomodontologia.com.br/#/schema/logo/image/"},"sameAs":["https://www.facebook.com/iomodontologia","https://www.instagram.com/iom.odonto"]}]}</script>
<!-- / Yoast SEO plugin. -->

Suelem Aparecida Ferreira - IOM - INSTITUTO ODONTOLÓGICO

Secretária do IOM de Guararema Formação - Técnico em Enfermagem Técnico em Administração Estudante em Enfermagem Nível Superior

IOM - INSTITUTO ODONTOLÓGICO

CLÍNICA ODONTOLÓGICA

IOM - Instituto Odontológico Mogiano
